{"id":42,"date":"2013-05-30T13:41:36","date_gmt":"2013-05-30T11:41:36","guid":{"rendered":"http:\/\/www.hovawart-freunde.de\/wordpress\/?page_id=42"},"modified":"2024-01-02T22:23:19","modified_gmt":"2024-01-02T21:23:19","slug":"vpg","status":"publish","type":"page","link":"https:\/\/www.hovawart-freunde.de\/?page_id=42","title":{"rendered":"IPO\/Gebrauchshundesport"},"content":{"rendered":"<p>Die Ausf\u00fchrungsbestimmungen f\u00fcr Hundesportler und Richter dieses Sports (fr\u00fcher Schutzhundesport) sind niedergelegt in der internationalen Pr\u00fcfungsordnung (IPO), und so hei\u00dfen auch die nach Schwierigkeitsstufe gestaffelten Pr\u00fcfungen (IPO1-3).<\/p>\n<p>Es handelt sich um einen 3Kampf in den Disziplinen F\u00e4hrte, Unterordnung und Schutzdienst. Es ist die \u00e4lteste Hundesportart \u00fcberhaupt (Polizeihundeausbildung) und wohl auch die, die den Hunden am meisten abverlangt. Es ist die Sportart die den Trieben und Veranlagungen der Hunde in ihrer Urspr\u00fcnglichkeit am n\u00e4chsten kommt.<\/p>\n<p>Bei der F\u00e4hrtenarbeit gilt es, 400 bis 800 Schritt lange F\u00e4hrten zu verfolgen und bis zu drei Gegenst\u00e4nde erkennen und anzuzeigen\/zu verweisen.<\/p>\n<p>Die zweite Abteilung ist die Unterordnung. In \u00dcbungen wie der Leinenf\u00fchrigkeit, Freifolge, Sitz-, Platz- und Steh aus der Bewegung sowie Apportier\u00fcbungen soll der Hund zeigen, dass er freudig, exakt, schnell und aufmerksam die H\u00f6rzeichen des Hundef\u00fchrers ausf\u00fchrt.<\/p>\n<p>Mit der dritten Abteilung, dem Schutzdienst, komplettiert sich die Vielseitigkeitspr\u00fcfung. Hier wird der Gehorsam des Hundes in Grenzf\u00e4llen \u00fcberpr\u00fcft. Mit dem Aufsp\u00fcren des Scheint\u00e4ters (Helfer) beginnt alles. Danach folgen Situationen wie Verhindern von Fluchtversuchen, Bewachen, Verhindern eines \u00dcberfalls usw. Ganz entscheidend f\u00fcr diese Arbeit mit dem Hund ist die Disziplin des Hundef\u00fchrers und das Verhalten des Hundes, wie z.B. Ausgeglichenheit, Nervenst\u00e4rke, Selbstbewusstsein, Belastbarkeit und gute Kommunikation mit dem Hundef\u00fchrer.<\/p>\n\n\t\t<style type=\"text\/css\">\n\t\t\t#gallery-1 {\n\t\t\t\tmargin: auto;\n\t\t\t}\n\t\t\t#gallery-1 .gallery-item {\n\t\t\t\tfloat: left;\n\t\t\t\tmargin-top: 10px;\n\t\t\t\ttext-align: center;\n\t\t\t\twidth: 33%;\n\t\t\t}\n\t\t\t#gallery-1 img {\n\t\t\t\tborder: 2px solid #cfcfcf;\n\t\t\t}\n\t\t\t#gallery-1 .gallery-caption {\n\t\t\t\tmargin-left: 0;\n\t\t\t}\n\t\t\t\/* see gallery_shortcode() in wp-includes\/media.php *\/\n\t\t<\/style>\n\t\t<div id='gallery-1' class='gallery galleryid-42 gallery-columns-3 gallery-size-thumbnail'><dl class='gallery-item'>\n\t\t\t<dt class='gallery-icon landscape'>\n\t\t\t\t<a href='https:\/\/www.hovawart-freunde.de\/wordpress\/wp-content\/uploads\/2024\/01\/IMG_0854-scaled.jpg' rel='shadowbox[sbalbum-0];player=img;'><img width=\"150\" height=\"150\" src=\"https:\/\/www.hovawart-freunde.de\/wordpress\/wp-content\/uploads\/2024\/01\/IMG_0854-150x150.jpg\" class=\"attachment-thumbnail size-thumbnail\" alt=\"\" decoding=\"async\" loading=\"lazy\" \/><\/a>\n\t\t\t<\/dt><\/dl><dl class='gallery-item'>\n\t\t\t<dt class='gallery-icon landscape'>\n\t\t\t\t<a href='https:\/\/www.hovawart-freunde.de\/wordpress\/wp-content\/uploads\/2024\/01\/IMG_1465-scaled.jpg' rel='shadowbox[sbalbum-0];player=img;'><img width=\"150\" height=\"150\" src=\"https:\/\/www.hovawart-freunde.de\/wordpress\/wp-content\/uploads\/2024\/01\/IMG_1465-150x150.jpg\" class=\"attachment-thumbnail size-thumbnail\" alt=\"\" decoding=\"async\" loading=\"lazy\" \/><\/a>\n\t\t\t<\/dt><\/dl><dl class='gallery-item'>\n\t\t\t<dt class='gallery-icon landscape'>\n\t\t\t\t<a href='https:\/\/www.hovawart-freunde.de\/wordpress\/wp-content\/uploads\/2024\/01\/IMG_0052-scaled.jpg' rel='shadowbox[sbalbum-0];player=img;'><img width=\"150\" height=\"150\" src=\"https:\/\/www.hovawart-freunde.de\/wordpress\/wp-content\/uploads\/2024\/01\/IMG_0052-150x150.jpg\" class=\"attachment-thumbnail size-thumbnail\" alt=\"\" decoding=\"async\" loading=\"lazy\" \/><\/a>\n\t\t\t<\/dt><\/dl><br style=\"clear: both\" \/><dl class='gallery-item'>\n\t\t\t<dt class='gallery-icon landscape'>\n\t\t\t\t<a href='https:\/\/www.hovawart-freunde.de\/wordpress\/wp-content\/uploads\/2024\/01\/IMG_1526-scaled.jpg' rel='shadowbox[sbalbum-0];player=img;'><img width=\"150\" height=\"150\" src=\"https:\/\/www.hovawart-freunde.de\/wordpress\/wp-content\/uploads\/2024\/01\/IMG_1526-150x150.jpg\" class=\"attachment-thumbnail size-thumbnail\" alt=\"\" decoding=\"async\" loading=\"lazy\" \/><\/a>\n\t\t\t<\/dt><\/dl><dl class='gallery-item'>\n\t\t\t<dt class='gallery-icon landscape'>\n\t\t\t\t<a href='https:\/\/www.hovawart-freunde.de\/wordpress\/wp-content\/uploads\/2024\/01\/IMG_3770.jpeg' rel='shadowbox[sbalbum-0];player=img;'><img width=\"150\" height=\"150\" src=\"https:\/\/www.hovawart-freunde.de\/wordpress\/wp-content\/uploads\/2024\/01\/IMG_3770-150x150.jpeg\" class=\"attachment-thumbnail size-thumbnail\" alt=\"\" decoding=\"async\" loading=\"lazy\" \/><\/a>\n\t\t\t<\/dt><\/dl><dl class='gallery-item'>\n\t\t\t<dt class='gallery-icon landscape'>\n\t\t\t\t<a href='https:\/\/www.hovawart-freunde.de\/wordpress\/wp-content\/uploads\/2024\/01\/IMG-20221002-WA0024.jpg' rel='shadowbox[sbalbum-888];player=img;'><img width=\"150\" height=\"150\" src=\"https:\/\/www.hovawart-freunde.de\/wordpress\/wp-content\/uploads\/2024\/01\/IMG-20221002-WA0024-150x150.jpg\" class=\"attachment-thumbnail size-thumbnail\" alt=\"\" decoding=\"async\" loading=\"lazy\" \/><\/a>\n\t\t\t<\/dt><\/dl><br style=\"clear: both\" \/>\n\t\t<\/div>\n\n","protected":false},"excerpt":{"rendered":"<p>Die Ausf\u00fchrungsbestimmungen f\u00fcr Hundesportler und Richter dieses Sports (fr\u00fcher Schutzhundesport) sind niedergelegt in der internationalen Pr\u00fcfungsordnung (IPO), und so hei\u00dfen auch die nach Schwierigkeitsstufe gestaffelten Pr\u00fcfungen (IPO1-3). Es handelt sich um einen 3Kampf in den Disziplinen F\u00e4hrte, Unterordnung und Schutzdienst. Es ist die \u00e4lteste Hundesportart \u00fcberhaupt (Polizeihundeausbildung) und wohl auch die, die den Hunden am [&hellip;]<\/p>\n","protected":false},"author":1,"featured_media":0,"parent":0,"menu_order":0,"comment_status":"closed","ping_status":"closed","template":"","meta":[],"aioseo_notices":[],"_links":{"self":[{"href":"https:\/\/www.hovawart-freunde.de\/index.php?rest_route=\/wp\/v2\/pages\/42"}],"collection":[{"href":"https:\/\/www.hovawart-freunde.de\/index.php?rest_route=\/wp\/v2\/pages"}],"about":[{"href":"https:\/\/www.hovawart-freunde.de\/index.php?rest_route=\/wp\/v2\/types\/page"}],"author":[{"embeddable":true,"href":"https:\/\/www.hovawart-freunde.de\/index.php?rest_route=\/wp\/v2\/users\/1"}],"replies":[{"embeddable":true,"href":"https:\/\/www.hovawart-freunde.de\/index.php?rest_route=%2Fwp%2Fv2%2Fcomments&post=42"}],"version-history":[{"count":7,"href":"https:\/\/www.hovawart-freunde.de\/index.php?rest_route=\/wp\/v2\/pages\/42\/revisions"}],"predecessor-version":[{"id":3462,"href":"https:\/\/www.hovawart-freunde.de\/index.php?rest_route=\/wp\/v2\/pages\/42\/revisions\/3462"}],"wp:attachment":[{"href":"https:\/\/www.hovawart-freunde.de\/index.php?rest_route=%2Fwp%2Fv2%2Fmedia&parent=42"}],"curies":[{"name":"wp","href":"https:\/\/api.w.org\/{rel}","templated":true}]}}